{"id":856,"date":"2022-05-27T08:11:33","date_gmt":"2022-05-27T07:11:33","guid":{"rendered":"https:\/\/kiga-flexstr.de\/?post_type=jetpack-portfolio&#038;p=856"},"modified":"2022-06-05T16:52:45","modified_gmt":"2022-06-05T15:52:45","slug":"vaeternachmittag-der-gruppe-2","status":"publish","type":"jetpack-portfolio","link":"https:\/\/kiga-flexstr.de\/?portfolio=vaeternachmittag-der-gruppe-2","title":{"rendered":"V\u00e4ternachmittag der Gruppe 2"},"content":{"rendered":"\n<p>Nachdem pandemiebedingt die KiTa schon l\u00e4nger nicht mehr betreten werden konnte war es am 06.05. wieder soweit &#8211; Der V\u00e4ternachmittag f\u00fcr Gruppe 2 stand an. Der Plan: &#8222;Wilde Kerle&#8220; zu basteln beziehungsweise zu bauen.<\/p>\n\n\n\n<p>Es standen zwei sehr unterschiedliche Vorlagen zur Verf\u00fcgung, sodass sofort eine Idee da war, was man bauen k\u00f6nnte. Mein Sohn hat sich spontan f\u00fcr eine Vorlage entschieden, dann ging es an das Heraus- und Zusammensuchen der ben\u00f6tigten Materialien &#8211; davon waren reichlich und sehr verschiedene vorhanden, sodass die Entscheidung manchmal schwer fiel. Hmmm.. die Bretter zusammenschrauben? Nein, lieber nageln.<\/p>\n\n\n\n<p>Aufgrund des guten Wetters konnten die S\u00e4ge-Arbeiten drau\u00dfen erledigt werden, und dar\u00fcber hinaus wurde gebohrt, geklebt, gemalt und gestaltet, sodass am Ende eine Menge sehr unterschiedlicher Figuren stolz f\u00fcr das Foto pr\u00e4sentiert wurden. Wobei &#8211; der Stolz lag manchmal auch ganz auf der v\u00e4terlichen Seite.. Auch das eine oder andere (Fach-)Gespr\u00e4ch kam bei dieser Aktion zustande, doch meistens waren V\u00e4ter und Kinder sehr in die gemeinsame T\u00e4tigkeit vertieft. Zwischendurch konnten wir uns an Kuchen und Getr\u00e4nken st\u00e4rken. Au\u00dferdem war Zeit, einen Blick in die Ordner zu werfen. Danke f\u00fcr die liebevoll vorbereitete Aktion und eine verbindende Zeit in der Kita!<\/p>\n","protected":false},"excerpt":{"rendered":"<p>Nachdem pandemiebedingt die KiTa schon l\u00e4nger nicht mehr betreten werden konnte war es am 06.05. wieder soweit &#8211; Der V\u00e4ternachmittag &hellip; <a href=\"https:\/\/kiga-flexstr.de\/?portfolio=vaeternachmittag-der-gruppe-2\" class=\"more-link\">Continue reading <span class=\"screen-reader-text\">V\u00e4ternachmittag der Gruppe 2<\/span><\/a><\/p>\n","protected":false},"author":2,"featured_media":857,"comment_status":"closed","ping_status":"closed","template":"","format":"standard","meta":{"jetpack_post_was_ever_published":false,"footnotes":"","jetpack_publicize_message":"","jetpack_publicize_feature_enabled":true,"jetpack_social_post_already_shared":true,"jetpack_social_options":{"image_generator_settings":{"template":"highway","default_image_id":0,"font":"","enabled":false},"version":2}},"jetpack-portfolio-type":[],"jetpack-portfolio-tag":[],"class_list":["post-856","jetpack-portfolio","type-jetpack-portfolio","status-publish","format-standard","has-post-thumbnail","hentry"],"jetpack_publicize_connections":[],"jetpack_sharing_enabled":true,"_links":{"self":[{"href":"https:\/\/kiga-flexstr.de\/index.php?rest_route=\/wp\/v2\/jetpack-portfolio\/856","targetHints":{"allow":["GET"]}}],"collection":[{"href":"https:\/\/kiga-flexstr.de\/index.php?rest_route=\/wp\/v2\/jetpack-portfolio"}],"about":[{"href":"https:\/\/kiga-flexstr.de\/index.php?rest_route=\/wp\/v2\/types\/jetpack-portfolio"}],"author":[{"embeddable":true,"href":"https:\/\/kiga-flexstr.de\/index.php?rest_route=\/wp\/v2\/users\/2"}],"replies":[{"embeddable":true,"href":"https:\/\/kiga-flexstr.de\/index.php?rest_route=%2Fwp%2Fv2%2Fcomments&post=856"}],"version-history":[{"count":1,"href":"https:\/\/kiga-flexstr.de\/index.php?rest_route=\/wp\/v2\/jetpack-portfolio\/856\/revisions"}],"predecessor-version":[{"id":858,"href":"https:\/\/kiga-flexstr.de\/index.php?rest_route=\/wp\/v2\/jetpack-portfolio\/856\/revisions\/858"}],"wp:featuredmedia":[{"embeddable":true,"href":"https:\/\/kiga-flexstr.de\/index.php?rest_route=\/wp\/v2\/media\/857"}],"wp:attachment":[{"href":"https:\/\/kiga-flexstr.de\/index.php?rest_route=%2Fwp%2Fv2%2Fmedia&parent=856"}],"wp:term":[{"taxonomy":"jetpack-portfolio-type","embeddable":true,"href":"https:\/\/kiga-flexstr.de\/index.php?rest_route=%2Fwp%2Fv2%2Fjetpack-portfolio-type&post=856"},{"taxonomy":"jetpack-portfolio-tag","embeddable":true,"href":"https:\/\/kiga-flexstr.de\/index.php?rest_route=%2Fwp%2Fv2%2Fjetpack-portfolio-tag&post=856"}],"curies":[{"name":"wp","href":"https:\/\/api.w.org\/{rel}","templated":true}]}}

Väternachmittag der Gruppe 2

<p>Nachdem pandemiebedingt die KiTa schon länger nicht mehr betreten werden konnte war es am 06.05. wieder soweit &#8211; Der Väternachmittag für Gruppe 2 stand an. Der Plan: &#8222;Wilde Kerle&#8220; zu basteln beziehungsweise zu bauen.</p>



<p>Es standen zwei sehr unterschiedliche Vorlagen zur Verfügung, sodass sofort eine Idee da war, was man bauen könnte. Mein Sohn hat sich spontan für eine Vorlage entschieden, dann ging es an das Heraus- und Zusammensuchen der benötigten Materialien &#8211; davon waren reichlich und sehr verschiedene vorhanden, sodass die Entscheidung manchmal schwer fiel. Hmmm.. die Bretter zusammenschrauben? Nein, lieber nageln.</p>



<p>Aufgrund des guten Wetters konnten die Säge-Arbeiten draußen erledigt werden, und darüber hinaus wurde gebohrt, geklebt, gemalt und gestaltet, sodass am Ende eine Menge sehr unterschiedlicher Figuren stolz für das Foto präsentiert wurden. Wobei &#8211; der Stolz lag manchmal auch ganz auf der väterlichen Seite.. Auch das eine oder andere (Fach-)Gespräch kam bei dieser Aktion zustande, doch meistens waren Väter und Kinder sehr in die gemeinsame Tätigkeit vertieft. Zwischendurch konnten wir uns an Kuchen und Getränken stärken. Außerdem war Zeit, einen Blick in die Ordner zu werfen. Danke für die liebevoll vorbereitete Aktion und eine verbindende Zeit in der Kita!</p>

<p>Nachdem pandemiebedingt die KiTa schon länger nicht mehr betreten werden konnte war es am 06.05. wieder soweit &#8211; Der Väternachmittag &hellip; <a href="https://kiga-flexstr.de/?portfolio=vaeternachmittag-der-gruppe-2" class="more-link">Continue reading <span class="screen-reader-text">Väternachmittag der Gruppe 2</span></a></p>
