{"id":746,"date":"2021-09-03T20:59:57","date_gmt":"2021-09-03T19:59:57","guid":{"rendered":"https:\/\/kiga-flexstr.de\/?post_type=jetpack-portfolio&#038;p=746"},"modified":"2021-09-03T20:59:57","modified_gmt":"2021-09-03T19:59:57","slug":"garten-der-begegnung","status":"publish","type":"jetpack-portfolio","link":"https:\/\/kiga-flexstr.de\/?portfolio=garten-der-begegnung","title":{"rendered":"Garten der Begegnung"},"content":{"rendered":"\n<p>Die Kirchengemeinde Langerfeld m\u00f6chte die Wiese gegen\u00fcber dem Gemeindehaus Inselstra\u00dfe zu einem Garten der Begegnung im Stadtteil machen.<\/p>\n\n\n\n<p>Dabei m\u00f6chten wir die Begegnung zwischen den Generationen f\u00f6rdern und uns mit dem Zukunftsthema \u00d6kologie und Nachhaltigkeit besch\u00e4ftigen.<\/p>\n\n\n\n<p>Wir tr\u00e4umen davon, dass sich hier junge und alte Menschen begegnen und Zeit miteinander verbringen, vielleicht gemeinsam g\u00e4rtnern, Feste feiern, Streuobst sammeln, spielen\u2026<\/p>\n\n\n\n<figure class=\"wp-block-image size-large\"><img loading=\"lazy\" decoding=\"async\" width=\"1024\" height=\"619\" src=\"https:\/\/kiga-flexstr.de\/wp-content\/uploads\/2021\/09\/IMG-20210903-WA0000-1024x619.jpg\" alt=\"\" class=\"wp-image-750\" srcset=\"https:\/\/kiga-flexstr.de\/wp-content\/uploads\/2021\/09\/IMG-20210903-WA0000-1024x619.jpg 1024w, https:\/\/kiga-flexstr.de\/wp-content\/uploads\/2021\/09\/IMG-20210903-WA0000-300x181.jpg 300w, https:\/\/kiga-flexstr.de\/wp-content\/uploads\/2021\/09\/IMG-20210903-WA0000-768x464.jpg 768w, https:\/\/kiga-flexstr.de\/wp-content\/uploads\/2021\/09\/IMG-20210903-WA0000-1536x928.jpg 1536w, https:\/\/kiga-flexstr.de\/wp-content\/uploads\/2021\/09\/IMG-20210903-WA0000-192x116.jpg 192w, https:\/\/kiga-flexstr.de\/wp-content\/uploads\/2021\/09\/IMG-20210903-WA0000.jpg 2048w\" sizes=\"auto, (max-width: 1024px) 100vw, 1024px\" \/><\/figure>\n\n\n\n<figure class=\"wp-block-image size-large\"><img loading=\"lazy\" decoding=\"async\" width=\"1024\" height=\"678\" src=\"https:\/\/kiga-flexstr.de\/wp-content\/uploads\/2021\/09\/IMG_2212-2-1024x678.jpg\" alt=\"\" class=\"wp-image-751\" srcset=\"https:\/\/kiga-flexstr.de\/wp-content\/uploads\/2021\/09\/IMG_2212-2-1024x678.jpg 1024w, https:\/\/kiga-flexstr.de\/wp-content\/uploads\/2021\/09\/IMG_2212-2-300x199.jpg 300w, https:\/\/kiga-flexstr.de\/wp-content\/uploads\/2021\/09\/IMG_2212-2-768x509.jpg 768w, https:\/\/kiga-flexstr.de\/wp-content\/uploads\/2021\/09\/IMG_2212-2-1536x1017.jpg 1536w, https:\/\/kiga-flexstr.de\/wp-content\/uploads\/2021\/09\/IMG_2212-2-2048x1357.jpg 2048w, https:\/\/kiga-flexstr.de\/wp-content\/uploads\/2021\/09\/IMG_2212-2-175x116.jpg 175w\" sizes=\"auto, (max-width: 1024px) 100vw, 1024px\" \/><\/figure>\n","protected":false},"excerpt":{"rendered":"<p>Die Kirchengemeinde Langerfeld m\u00f6chte die Wiese gegen\u00fcber dem Gemeindehaus Inselstra\u00dfe zu einem Garten der Begegnung im Stadtteil machen. Dabei m\u00f6chten &hellip; <a href=\"https:\/\/kiga-flexstr.de\/?portfolio=garten-der-begegnung\" class=\"more-link\">Continue reading <span class=\"screen-reader-text\">Garten der Begegnung<\/span><\/a><\/p>\n","protected":false},"author":2,"featured_media":751,"comment_status":"closed","ping_status":"closed","template":"","format":"standard","meta":{"jetpack_post_was_ever_published":false,"footnotes":"","jetpack_publicize_message":"","jetpack_publicize_feature_enabled":true,"jetpack_social_post_already_shared":true,"jetpack_social_options":{"image_generator_settings":{"template":"highway","default_image_id":0,"font":"","enabled":false},"version":2}},"jetpack-portfolio-type":[],"jetpack-portfolio-tag":[],"class_list":["post-746","jetpack-portfolio","type-jetpack-portfolio","status-publish","format-standard","has-post-thumbnail","hentry"],"jetpack_publicize_connections":[],"jetpack_sharing_enabled":true,"_links":{"self":[{"href":"https:\/\/kiga-flexstr.de\/index.php?rest_route=\/wp\/v2\/jetpack-portfolio\/746","targetHints":{"allow":["GET"]}}],"collection":[{"href":"https:\/\/kiga-flexstr.de\/index.php?rest_route=\/wp\/v2\/jetpack-portfolio"}],"about":[{"href":"https:\/\/kiga-flexstr.de\/index.php?rest_route=\/wp\/v2\/types\/jetpack-portfolio"}],"author":[{"embeddable":true,"href":"https:\/\/kiga-flexstr.de\/index.php?rest_route=\/wp\/v2\/users\/2"}],"replies":[{"embeddable":true,"href":"https:\/\/kiga-flexstr.de\/index.php?rest_route=%2Fwp%2Fv2%2Fcomments&post=746"}],"version-history":[{"count":1,"href":"https:\/\/kiga-flexstr.de\/index.php?rest_route=\/wp\/v2\/jetpack-portfolio\/746\/revisions"}],"predecessor-version":[{"id":752,"href":"https:\/\/kiga-flexstr.de\/index.php?rest_route=\/wp\/v2\/jetpack-portfolio\/746\/revisions\/752"}],"wp:featuredmedia":[{"embeddable":true,"href":"https:\/\/kiga-flexstr.de\/index.php?rest_route=\/wp\/v2\/media\/751"}],"wp:attachment":[{"href":"https:\/\/kiga-flexstr.de\/index.php?rest_route=%2Fwp%2Fv2%2Fmedia&parent=746"}],"wp:term":[{"taxonomy":"jetpack-portfolio-type","embeddable":true,"href":"https:\/\/kiga-flexstr.de\/index.php?rest_route=%2Fwp%2Fv2%2Fjetpack-portfolio-type&post=746"},{"taxonomy":"jetpack-portfolio-tag","embeddable":true,"href":"https:\/\/kiga-flexstr.de\/index.php?rest_route=%2Fwp%2Fv2%2Fjetpack-portfolio-tag&post=746"}],"curies":[{"name":"wp","href":"https:\/\/api.w.org\/{rel}","templated":true}]}}

<p>Die Kirchengemeinde Langerfeld möchte die Wiese gegenüber dem Gemeindehaus Inselstraße zu einem Garten der Begegnung im Stadtteil machen.</p>



<p>Dabei möchten wir die Begegnung zwischen den Generationen fördern und uns mit dem Zukunftsthema Ökologie und Nachhaltigkeit beschäftigen.</p>



<p>Wir träumen davon, dass sich hier junge und alte Menschen begegnen und Zeit miteinander verbringen, vielleicht gemeinsam gärtnern, Feste feiern, Streuobst sammeln, spielen…</p>



<figure class="wp-block-image size-large"><img loading="lazy" decoding="async" width="1024" height="619" src="https://kiga-flexstr.de/wp-content/uploads/2021/09/IMG-20210903-WA0000-1024x619.jpg" alt="" class="wp-image-750" srcset="https://kiga-flexstr.de/wp-content/uploads/2021/09/IMG-20210903-WA0000-1024x619.jpg 1024w, https://kiga-flexstr.de/wp-content/uploads/2021/09/IMG-20210903-WA0000-300x181.jpg 300w, https://kiga-flexstr.de/wp-content/uploads/2021/09/IMG-20210903-WA0000-768x464.jpg 768w, https://kiga-flexstr.de/wp-content/uploads/2021/09/IMG-20210903-WA0000-1536x928.jpg 1536w, https://kiga-flexstr.de/wp-content/uploads/2021/09/IMG-20210903-WA0000-192x116.jpg 192w, https://kiga-flexstr.de/wp-content/uploads/2021/09/IMG-20210903-WA0000.jpg 2048w" sizes="auto, (max-width: 1024px) 100vw, 1024px" /></figure>



<figure class="wp-block-image size-large"><img loading="lazy" decoding="async" width="1024" height="678" src="https://kiga-flexstr.de/wp-content/uploads/2021/09/IMG_2212-2-1024x678.jpg" alt="" class="wp-image-751" srcset="https://kiga-flexstr.de/wp-content/uploads/2021/09/IMG_2212-2-1024x678.jpg 1024w, https://kiga-flexstr.de/wp-content/uploads/2021/09/IMG_2212-2-300x199.jpg 300w, https://kiga-flexstr.de/wp-content/uploads/2021/09/IMG_2212-2-768x509.jpg 768w, https://kiga-flexstr.de/wp-content/uploads/2021/09/IMG_2212-2-1536x1017.jpg 1536w, https://kiga-flexstr.de/wp-content/uploads/2021/09/IMG_2212-2-2048x1357.jpg 2048w, https://kiga-flexstr.de/wp-content/uploads/2021/09/IMG_2212-2-175x116.jpg 175w" sizes="auto, (max-width: 1024px) 100vw, 1024px" /></figure>

<p>Die Kirchengemeinde Langerfeld möchte die Wiese gegenüber dem Gemeindehaus Inselstraße zu einem Garten der Begegnung im Stadtteil machen. Dabei möchten &hellip; <a href="https://kiga-flexstr.de/?portfolio=garten-der-begegnung" class="more-link">Continue reading <span class="screen-reader-text">Garten der Begegnung</span></a></p>
